be g(-7). Calculate the greatest common factor of h and 1.
1
Let o(n) = 4*n**2 - 2*n + 2. Let f be (-2)/(-3) + 77/(-21). Let s be o(f). What is the highest common divisor of 11 and s?
11
Let t = 3 + -3. Suppose t = 5*w - 8*w + 192. What is the greatest common divisor of w and 8?
8
Suppose -133 + 29 = -t. Let a(u) = -5*u + 26. Let b(z) = 14*z - 77. Let p(h) = -11*a(h) - 4*b(h). Let c be p(9). What is the highest common factor of t and c?
13
Suppose 5*x - 126 = 24. What is the greatest common divisor of 165 and x?
15
Suppose -221 = -5*u + s, 3*u - 102 = u - 3*s. What is the highest common divisor of 15 and u?
15
Let s(g) = 2*g**2 + 32*g + 5. Let y be s(-18). Suppose -5*z = 2*o - 0*z + 81, 3*z = 3*o + 69. Let l = 39 + o. Calculate the highest common divisor of l and y.
11
Let z = -74 - -79. Let x(m) = -m**2 - 4*m + 4. Let b be x(-4). Let v = b - -1. Calculate the greatest common divisor of z and v.
5
Suppose 2*f = -2*g + 2, 21 = 3*g - 2*f + 3. Suppose 3*r = -w + g*r - 3, 4*r - 20 = 0. Calculate the greatest common divisor of 10 and w.
2
Let p be 10/(-3)*45/(-6). What is the highest common factor of p and 25?
25
Let m(u) = 3*u**2 + 4*u + 1. Let z be m(3). Let r be 1 - (2 + -3) - 6. Let j be (r/4)/((-2)/16). Calculate the greatest common factor of j and z.
8
Suppose 0 = -v + h - 3*h + 16, 2*v + 2*h = 40. Let g(m) = -7*m**3 - 2*m. Let a be g(-2). What is the highest common factor of v and a?
12
Suppose 2 = q - 0. Suppose 19 = q*l + 3*c - 1, 11 = l + 2*c. Calculate the greatest common factor of 77 and l.
7
Let d(u) = 9*u**3 + u**2. Let t be d(1). Suppose -3*y - 2*y = -t. Calculate the greatest common factor of 16 and y.
2
Let s = -2 - -5. Suppose -s = -i - 0. Calculate the highest common factor of i and 6.
3
Suppose 72*n - 67*n - 100 = 0. What is the greatest common factor of n and 30?
10
Suppose -4*w = 4*u - 644, 4*w - 5*w + 4*u = -161. Suppose -4*n - 3*v = -w, 3*n = 4*n - 4*v - 26. What is the greatest common factor of 57 and n?
19
Let l(w) = w**3 - 8*w**2 - w + 15. Let d be l(8). What is the highest common factor of 7 and d?
7
Suppose -3*o = -674 + 236. Let i = -102 + o. What is the greatest common factor of 4 and i?
4
Suppose -r - 8 = 2*b - 0*r, -r = 5*b + 14. Let q be 124/2 - (-4 - b). Calculate the greatest common divisor of q and 8.
8
Let n be (1/2)/((-6)/36). Let w be (5 + n)*10/4. Suppose -5*y + 73 + 52 = 0. Calculate the highest common divisor of y and w.
5
Suppose -t + 14 + 133 = 0. Calculate the greatest common divisor of 21 and t.
21
Suppose -3*s - 3*l + 46 = -125, 2*s - 2*l = 102. Let j = 106 + s. What is the highest common factor of 16 and j?
16
Let f = -9 + 24. Suppose -5*p - 3 = -53. Let m be (10 + -13)/((-2)/p). Calculate the greatest common divisor of f and m.
15
Suppose 3*n - 15 = 0, 0*y - 4*n - 195 = -5*y. Let s = -22 + y. What is the highest common divisor of s and 14?
7
Let t(z) = -76*z**3 - z. Let j = 29 - 30. Let h be t(j). What is the highest common divisor of h and 7?
7
Let b be 10/15*42/4. What is the highest common divisor of 7 and b?
7
Suppose 2*l + 2 = 0, 0 = -0*d + 2*d + 3*l - 15. Calculate the greatest common factor of 99 and d.
9
Let o be ((-5)/(-3))/((-3)/(-9)). Suppose -w + 6*w + 115 = o*a, -4*a - 4*w = -116. What is the greatest common divisor of 26 and a?
26
Let i = 0 - -14. Let h(w) = w + 21. Let c be h(0). What is the greatest common divisor of c and i?
7
Let f(m) = -m**3 + 25*m**2 + 28*m - 36. Let t be f(26). Suppose 2 = 3*k - 10. Calculate the highest common factor of t and k.
4
Let z = -51 + 81. Suppose 2*v + 5*d + 25 = -0, -3*v - 42 = 3*d. Let q be (3 + -1 + -7)*v. What is the highest common factor of z and q?
15
Let y(a) = 10*a - 2. Suppose 2 = -n + 6. Let p be y(n). What is the highest common divisor of p and 95?
19
Let w = -2 - -8. Let n(p) = p + 1. Let x be n(w). Let g = 20 - x. Calculate the highest common divisor of 13 and g.
13
Let x be (-25)/(-1) + 3 - -1. Calculate the greatest common divisor of 29 and x.
29
Let k be 3 - (-1 - 0)*-3. Suppose -n + 8 = -4*x, k*x + 2*x = 4*n - 60. What is the greatest common divisor of n and 40?
8
Suppose k = 6*k - 30. Suppose -2*x + 43 = -n, x - 3*n - 18 = -k*n. What is the greatest common divisor of 3 and x?
3
Let r be ((-6)/(-5))/((-6)/(-20)). Let g be 3/3 + 38 + 1. Suppose 37 = 2*o - j, 4*o = 2*o + r*j + g. What is the highest common divisor of 9 and o?
9
Let b(o) = 3*o**2 - 4*o - 37. Let p be b(-7). Calculate the greatest common factor of 69 and p.
69
Let w be (-30)/((-6)/(-4) - 2). Suppose -72*y - 45 = -75*y. Calculate the highest common factor of w and y.
15
Suppose 4*g - v - 18 = 0, -2*v = -3*g + 7 + 9. Let x be ((-26)/(-4))/(2/g). Calculate the highest common divisor of x and 13.
13
Let k = 10 - 8. Suppose 0 = -2*t + 2*w + 12, -4*t - k*w + 20 = -2*t. What is the greatest common divisor of t and 8?
8
Let d = -12 + -26. Let y = d + 114. Suppose -4*q = 3*k + 27 - 77, 4*k - 4*q - y = 0. Calculate the highest common factor of k and 9.
9
Suppose 25 + 120 = 5*w + 4*r, r = -3*w + 80. Calculate the highest common factor of w and 50.
25
Suppose -q + 4*y + 102 = 0, q + 4*q - 3*y - 561 = 0. Let f(v) = -v**3 + 6*v**2 - 2*v - 2. Let a be f(3). What is the greatest common factor of q and a?
19
Suppose 5*y = b + 181, 2*b = 5*y - 3*b - 185. Suppose 0*a + 49 = 3*l - a, -2*l + 4*a = -y. Let f = -91 - -139. Calculate the highest common divisor of l and f.
16
Suppose -3*f + 90 = 2*f. What is the highest common factor of f and 18?
18
Let j = -71 - -135. Calculate the greatest common factor of j and 16.
16
Let b(n) = -1. Let a(i) = 4*i + 24. Let d(z) = -a(z) - 20*b(z). Let p be d(-6). Calculate the greatest common divisor of 30 and p.
10
Let g(k) be the third derivative of 3*k**5/10 + k**4/24 - k**3/3 - 2*k**2. Let w be g(2). Calculate the highest common divisor of w and 9.
9
Let f be (-9 - 29)*-1*1/2. What is the greatest common factor of f and 38?
19
Let h(d) = -d**2 + 10 - 22 + 45 + 23. Let a be h(0). Calculate the greatest common factor of a and 7.
7
Suppose x + 2*j - 217 = -2*x, 4*j = x - 91. What is the highest common factor of 50 and x?
25
Let x = 347 + -137. What is the greatest common divisor of x and 30?
30
Let g(w) = -w**3 - 3*w**2 + 6*w - 3. Let f be g(-5). Suppose 3*l + 61 - 214 = 0. What is the highest common factor of l and f?
17
Let k = 178 - -64. Calculate the highest common divisor of k and 22.
22
Suppose 3*s - 1 = 35. Let i(k) = k**2 + 7*k + 10. Let j be i(7). What is the greatest common divisor of j and s?
12
Let j(n) = -n. Let y be j(6). Let v be (9/6)/(y/16). Let o be (-77)/v*(-4)/(-1). What is the highest common divisor of 7 and o?
7
Suppose 23 + 20 = g. Suppose 5*q - 2 = g. Suppose -s - q = -41. What is the highest common factor of s and 8?
8
Suppose -3*y - 20 + 110 = 0. Calculate the greatest common divisor of y and 20.
10
Let l = 9 - 1. Suppose 0 = 3*j + 2*b + 1 + 3, 4*j = 4*b + 8. Suppose -p - u + 13 = j, -5*p - u = u - 50. What is the greatest common factor of p and l?
8
Suppose -5*l - 6 = 5*d - 1, 3*d + 31 = 4*l. Suppose -l*s + 116 + 84 = 0. What is the highest common divisor of s and 10?
10
Let u be -2*4*(4 + -5). What is the greatest common factor of 152 and u?
8
Let i be (-3 + 0)*4/(-3). Let q = 94 + -62. What is the greatest common factor of q and i?
4
Let z(s) = s**2 + s + 45. Let h be z(0). Suppose 2*n - 4 = 2*j, -j + 3 = 2*n - 10. Let i be ((-2)/(-6))/(j/h). What is the highest common factor of i and 15?
5
Let u(t) = -26*t - 2. Let n be u(-1). What is the greatest common divisor of n and 60?
12
Let d be -5 + -3 + (-2)/(-1). Let l(n) = -n + 2. Let j be l(-7). Let z be -10*j/d + 2. What is the greatest common factor of z and 153?
17
Suppose -5 = -p + 4*y, 4*y - y - 39 = -4*p. Suppose 0 = -4*w - 0*w + 1152. Suppose 5*l - w = l. What is the highest common divisor of p and l?
9
Let u = -45 + 84. Let k(h) = h**2 - 3*h + 7. Let o be k(5). Suppose 0 = -2*z + 9 + o. Calculate the greatest common divisor of u and z.
13
Let g = -1 + 9. Let q(c) = 0*c - c**2 + 7 + 0*c + 8*c. Let a be q(g). What is the greatest common factor of 14 and a?
7
Suppose 3*u - 320 = -u. Let v(p) = -10*p - 10. Let z be v(-2). Calculate the greatest common factor of u and z.
10
Let w = -16 + 30. Calculate the highest common factor of 56 and w.
14
Let n = 14 - 8. Let y be (-37)/(-